6. Suppose -2*y - 1 = -t*y. Let x(q) = -2 - y - 3 + 2*q + 7. Calculate x(-1).
-1
Let b be (-24)/12 - (18/(-12) - (-2)/4). Let z(k) = 5*k**3 - 6*k**3 + 9*k**3. Determine z(b).
-8
Let z(y) = y**3 - 4*y**2 - 4. Let x be -3*(-2)/8*(-58 - -62). Give z(x).
-13
Let l(s) be the second derivative of 0 - 1/12*s**4 + s**2 - 3*s - 1/2*s**3. What is l(2)?
-8
Let h be 0 - 3*2/(-3). Let i = 4 + h. Let o(q) be the third derivative of q**6/120 - q**5/10 + q**4/12 - q**3/6 + 15*q**2. What is o(i)?
11
Let f = -11 + 6. Let r(i) = 3*i**2 + 4*i + 1. Let m(b) = 13*b**2 + 14*b + 4. Let x(j) = 2*m(j) - 9*r(j). What is x(f)?
14
Let h = 2 + -2. Let x(b) = -6 - b**3 + b + 2*b**3 - b**2 - 4*b + 15 + 2*b. What is x(h)?
9
Let p be -2 + 4 - (8 - -1). Let g(b) be the first derivative of b**4/4 + 2*b**3 - 5*b**2/2 + 4*b + 47. Give g(p).
-10
Let y(n) be the second derivative of n**5/20 - n**4/3 - 5*n**3/6 + n**2/2 + n. Suppose -2*s = -5*k - 30, 12 = 10*s - 6*s + 2*k. Give y(s).
1
Let t(u) be the third derivative of -u**6/120 - 3*u**5/20 - 3*u**4/8 - u**3/2 - 140*u**2. Give t(-8).
5
Suppose -31*s = -27*s + 152. Let x = -38 - s. Let g(w) = w - 5. Calculate g(x).
-5
Let m be 2 - (4/1)/(-2). Suppose 0 = 2*o - 30 + 28. Let b(n) = o + 1 + n + 0*n - 1. Determine b(m).
5
Let b(x) be the third derivative of x**4/24 + x**3 + x**2. Let a be b(-4). Let m(g) = 2 - 3*g**2 - 3 + a*g**2. What is m(3)?
-10
Let d(l) = -l**3 + 6*l**2 - 3*l + 5. Let w(m) = -18*m - 3. Let q be w(-2). Let a = 39 - q. Give d(a).
-13
Let f be 16/6 + (-14)/21. Let t(z) = 19*z**2 - 18*z**2 + 4*z + 2 + f*z - z. Calculate t(-4).
-2
Let v(b) = -24 + 4 + 4 + 9*b**2 - 8*b**2. Give v(-4).
0
Let g(x) = -45*x - 1 - 47*x + 195*x - 48*x - 48*x. Determine g(-2).
-15
Let w(u) = -5*u - 5*u + 23*u**2 + 0 - 30*u**2 + 9. Let m(y) = -8*y**2 - 11*y + 10. Let a(n) = -5*m(n) + 6*w(n). What is a(-4)?
-8
Let l(v) be the second derivative of 6*v + 7/12*v**4 + 1/6*v**3 + 1/20*v**5 + 0 + 9/2*v**2. What is l(-7)?
2
Suppose -6*h + 2 = -22. Suppose 9 = h*k + 21. Let s(f) = -f**3 - 2*f**2 - f + 4. Give s(k).
16
Let q(b) = b**2. Let o be q(4). Suppose 5*y = i - 1 - o, 0 = -3*i + 4*y + 18. Let f(r) = -10*r**i + 9*r**2 + 2*r**2 + 6*r + 9. What is f(-6)?
9
Let x(g) = -g**2 + 6*g - 4. Let q(p) = -3*p**2 + 8*p. Let s be q(4). Let v = 21 + s. Determine x(v).
1
Let q(c) = -6 + 36*c**2 + c**3 - 20*c**2 + 3*c - 21*c**2. Let l be 14/35 - 174/(-15). Suppose 3*n - l - 3 = 0. Give q(n).
9
Let i(o) = 8*o + 119. Let m be i(-15). Let s(b) = 16*b**3 - b**2 - b - 1. What is s(m)?
-17
Let a(o) = 6*o**3 + 5*o**2 - 17*o + 27. Let c(w) = 8*w**3 + 7*w**2 - 23*w + 37. Let g(h) = 11*a(h) - 8*c(h). Calculate g(2).
7
Let g(s) be the third derivative of -s**4/12 + s**3/2 + 14*s**2 + s. Determine g(-6).
15
Let z(i) = i**2 + 3*i - 4. Let x = 20 + -24. Let q be z(x). Suppose q = n + 2*n. Let u(c) = -c**2 + c - 2. What is u(n)?
-2
Let x(u) = -2*u**2 + 75*u - 31. Let z be x(37). Let o(b) be the second derivative of z*b - 2*b**2 + 0 - 1/6*b**3. Determine o(-9).
5
Let z be 2/2 + 0/(-4) + -7. Let w(k) = k**3 + 5*k**2 - 2*k + 11. Let b(p) = -p**3 - 5*p**2 + 3*p - 10. Let j(q) = -3*b(q) - 2*w(q). Calculate j(z).
2
Let r(y) = -y**2 - 159 - 156 - 153 + 468 + 6*y. Determine r(7).
-7
Let w(i) be the third derivative of i**6/120 - i**5/60 + i**4/24 + 3*i**3/2 + 98*i**2. What is w(0)?
9
Let m = 102 - 101. Let x(b) = 9 + b**3 - 5 + b**2 - b - 4 + m. Calculate x(0).
1
Let g(c) be the first derivative of -2*c**3/3 + 6. Let d(u) = u**2 + 7*u - 2. Let t be d(0). Determine g(t).
-8
Let g(y) = y**2 + 8*y + 3. Let m be (-3 - 6 - -4) + 0/8. What is g(m)?
-12
Let i(l) be the third derivative of 11*l**5/60 - l**4/24 + l**3/3 - l**2 - 48*l. What is i(1)?
12
Let c(l) = -l**3 + 2*l**2 + 2*l + 3. Let d(u) = -u**3 + 8*u**2 + u - 17. Let y be d(8). Let b = y - -12. Determine c(b).
0
Let r(z) = z + 2. Suppose -3*g - b - 20 = -0*b, 0 = 4*g - b + 29. Let j be (-4 - g)/3 - -5. What is r(j)?
8
Let r(c) = c. Suppose -23*n - 25 = -18*n. Calculate r(n).
-5
Let q(i) = -6*i + 2. Let b(p) = 2*p + 61. Let m be b(-29). Calculate q(m).
-16
Let t(k) = 2*k - k**2 + k**2 - k - 5 + k**2. Let b = 9 - 22. Let y = 13 + b. Determine t(y).
-5
Let x(k) be the third derivative of -7/24*k**4 - 1/40*k**5 + 1/3*k**3 + 0*k + 0 - 3*k**2. Let c(b) be the first derivative of x(b). Determine c(-5).
8
Let a(j) be the first derivative of -j**2/2 - 2*j + 37. Calculate a(7).
-9
Let j be (-8)/(-10)*(3/(-6) + 3). Let u(l) = -j*l + 3*l + 4 - 2*l**2 - 9*l + 5*l. Calculate u(3).
-23
Let r(x) = 4*x + 6. Let u(t) = 6*t + 9. Let i(y) = 8*r(y) - 5*u(y). Let l(s) = 17*s**2 + 0*s**3 - 12 - 9 + 19 - 2*s**3 + 9*s. Let g be l(9). What is i(g)?
-1
Let y(x) = -x**3 + 18*x**2 + 27*x - 150. Let a be y(19). Let l(i) = -2*i**3 + 4*i**2 - 4. Calculate l(a).
-4
Let l(f) = -16*f**3 - 9*f**2 + 35*f + 24. Let o(z) = -3*z**3 - 2*z**2 + 7*z + 5. Let d(w) = 2*l(w) - 11*o(w). Let j = -3 - -8. Let q = j - 10. Give d(q).
3
Let u(a) = 2*a**2 + a + 3. Let n(d) = 5*d**2 + 3*d + 8. Let t(w) = 4*n(w) - 11*u(w). Let j be -9 - (2 + 2)/(-2). Let f = j - -9. What is t(f)?
-7
Let s(f) be the second derivative of -f**3/6 - f**2/2 - f. Suppose -6*w + w + 382 - 407 = 0. Determine s(w).
4
Suppose c + 23 = 24. Let h(u) = u + 2. Determine h(c).
3
Let m(o) = -o**2 - 4*o - 4. Suppose -1 + 7 = -w + q, 3*q = -3*w. Give m(w).
-1
Let t(c) = -2*c**2 + 4*c + 4. Let h be 6/16 + 43/(-8). Calculate t(h).
-66
Let b(d) = -27*d**2 - d + 2. Let g be b(-2). Let y = 27 + g. Let p be (-4)/(-22) + (-140)/y. Let l(r) = 2*r - 3. Determine l(p).
1
Let s(d) be the second derivative of d**4/12 + 2*d**3/3 - d**2/2 - 3*d + 9. Calculate s(-6).
11
Suppose -10 - 11 = -7*q. Let i(t) = -3*t + 7*t - 1 - 7*t - q*t. Let n(f) = f**3 + 1. Let a be n(0). Give i(a).
-7
Let r(k) = -k**2 - 1. Let v be 3*(-1 + 14/21). Give r(v).
-2
Suppose 15 = v + 9. Let w(p) = p**3 + 32*p**2 - 49*p**2 + 7*p + v + 23*p**2. Let k = -11 + 6. Give w(k).
-4
Let s be 5*(-8)/180 - 8/(-36). Let l(p) = p**3 - p**2 + 4*p + 4 - 2*p - p. Give l(s).
4
Let r(v) = -2*v**2 + 63*v + 50. Let l be r(31). Suppose -830 = -4*x - 110. Let b be x/l + 2/(-9). Let u(o) = -o**2 + 3*o - 1. Calculate u(b).
1
Suppose m + 5*i - 4 = 0, -4*m = -13*i + 12*i + 5. Let p(n) = 221*n**3 + 65*n + 65. Let j(q) = -10*q**3 - 3*q - 3. Let o(v) = 65*j(v) + 3*p(v). Give o(m).
-13
Let t(m) be the first derivative of -m**4/4 - m**3/3 + 2*m**2 - 4*m - 71. Determine t(3).
-28
Suppose -6*c = -c - 5*u + 30, -6 = -c - 2*u. Let b be (-16)/(((-8)/(-12))/c*6). Let j(m) = -m**3 + 8*m**2 - 1. Give j(b).
-1
Let r(l) = l + 14. Let x(v) = -v + 17. Let p be x(13). Suppose 0 = -3*j + 3*m + 9, -p*j = -5*m - 7 - 8. Calculate r(j).
14
Let p(q) be the third derivative of -q**4/4 + q**3/2 + 52*q**2. Determine p(2).
-9
Let u be (7/((-21)/18))/(-2). Let h be u/9 - 3/9. Let k(q) = 20*q + 14*q - q**3 + 24*q - 58*q + 7. Determine k(h).
7
Let f(x) = 11*x. Let k(p) = 3*p - 1. Let j(v) = 2*f(v) - 4*k(v). What is j(-5)?
-46
Let p(g) be the second derivative of g**4/6 + g**3 - 2*g**2 + 94*g. Calculate p(-5).
16
Let a(w) = w**2 - 23. Let d(y) = -y**2 + y + 29. Let b(z) = -5*a(z) - 4*d(z). Let u(p) = -5*p**3 - p**2 + p - 1. Let q be u(1). Determine b(q).
-13
Suppose 2 = -g - 2*c, 4*g = -0*g + 5*c + 57. Let k(n) = -2*n + 10. Calculate k(g).
-6
Let a(k) = -k**3 - 3*k**2 + 2*k + 7. Suppose -d = -4*v - 11 + 2, 3*d = 2*v - 3. What is a(v)?
1
Let q(j) = -164*j - 4 + 5 + 321*j - 7 - 160*j. What is q(-7)?
15
Suppose -k = -5*x + 19, 2*k - 9 = -x + 8. Let d(p) be the third derivative of -p**5/60 + p**4/6 + 2*p**3/3 + 28*p**2 - p. Determine d(k).
-8
Let t(b) = 6*b + 39 + 36 + 34 - 137 + 31. Let l(x) = x**3 - 3*x**2 - 5*x + 2. Let u be l(4). Determine t(u).
-9
Let t(u) be the second derivative of -u**3/6 - 3*u**2/2 + 5*u. Let v be t(-7). Suppose 20 + v = 4*f. Let m(b) = -b + 4. Calculate m(f).
-2
Suppose a = 4*y - 6, -2*a - 2*a = 3*y - 14. Let s be y/(-12) - 147/(-18). Let d(h) = h**2 - 9*h + 2. Calculate d(s).
-6
Let c be ((-78)/(-12) - 6)*(1 + -1). Let w(j) = -j**2 + 2*j + 2. Give w(c).
2
Suppose 3*n = -q + 15 + 45, -5*q + 336 = 3*n. Let t = q - 74. Let k(h) = h**3 + 5*h**2 + h - 1. Give k(t).
-6
Let i = 23 - 19. Suppose i = 4*d - 8. Let u(t) = t**d + t - 46*t**2 + 40*t**2 + 2 + t. What is u(5)?
-13
Let v(l) be the second derivat